or of 15728 and 688?
16
Calculate the greatest common divisor of 889 and 182753.
127
What is the greatest common factor of 9 and 4123611?
9
Calculate the highest common factor of 870 and 9335.
5
Calculate the highest common factor of 368232 and 603.
201
What is the greatest common divisor of 379190 and 70?
70
What is the greatest common divisor of 25 and 5105?
5
Calculate the highest common divisor of 568476 and 12.
12
Calculate the highest common divisor of 5730 and 1142562.
1146
Calculate the greatest common factor of 56 and 95753.
7
What is the greatest common factor of 37 and 314981?
37
What is the greatest common factor of 348210 and 65?
5
What is the greatest common divisor of 273 and 11409?
3
Calculate the highest common factor of 167821 and 1028.
257
Calculate the greatest common factor of 147672 and 64.
8
Calculate the highest common factor of 6942 and 2848.
178
What is the greatest common factor of 26430256 and 16?
16
Calculate the highest common divisor of 12720 and 295920.
240
What is the greatest common factor of 100743 and 3?
3
Calculate the greatest common divisor of 840280 and 385.
35
Calculate the greatest common factor of 15247 and 24511.
193
What is the greatest common divisor of 4540305 and 1155?
1155
What is the greatest common factor of 987 and 200784?
141
What is the highest common factor of 132 and 697?
1
What is the highest common divisor of 2331 and 57942?
333
What is the highest common factor of 2358 and 28962?
18
What is the highest common divisor of 137557 and 903?
301
What is the greatest common divisor of 3980 and 9353?
199
What is the highest common factor of 13086 and 404212?
1454
What is the greatest common factor of 108 and 53532?
36
What is the highest common factor of 6206 and 232?
58
Calculate the highest common factor of 9480 and 2312.
8
What is the greatest common factor of 2299 and 70906?
121
Calculate the greatest common divisor of 11445 and 5.
5
Calculate the greatest common factor of 115072 and 1116.
124
What is the highest common factor of 36510 and 1470?
30
What is the greatest common factor of 8856 and 71217?
369
Calculate the greatest common factor of 1624 and 59508.
116
What is the highest common divisor of 999 and 1091241?
333
What is the highest common divisor of 1560384 and 56?
56
What is the greatest common factor of 1344 and 7413?
21
What is the greatest common factor of 45018 and 630?
18
Calculate the greatest common divisor of 186798 and 7449.
573
What is the highest common factor of 170744 and 896?
56
Calculate the greatest common factor of 77496 and 1992.
24
What is the greatest common divisor of 9737 and 2033?
107
What is the greatest common factor of 685 and 93845?
685
What is the greatest common factor of 59649 and 531?
177
What is the greatest common factor of 855 and 3549960?
855
Calculate the highest common factor of 2961 and 9729.
423
What is the greatest common divisor of 68476 and 44897?
323
Calculate the highest common factor of 20975 and 50.
25
What is the greatest common divisor of 163600 and 1350?
50
Calculate the highest common divisor of 30 and 1097620.
10
Calculate the highest common divisor of 50851 and 10128.
211
What is the highest common factor of 6 and 7326606?
6
Calculate the greatest common divisor of 24725 and 139725.
575
Calculate the highest common divisor of 6 and 1167162.
6
Calculate the greatest common factor of 904008 and 35.
7
Calculate the highest common factor of 6435856 and 784.
784
Calculate the greatest common factor of 6118220 and 2.
2
Calculate the greatest common divisor of 132655 and 645.
215
What is the greatest common factor of 4704 and 136?
8
What is the highest common divisor of 1186 and 6038519?
593
Calculate the greatest common divisor of 4608 and 54.
18
Calculate the highest common divisor of 72 and 8448.
24
Calculate the highest common factor of 28 and 123354.
14
Calculate the highest common divisor of 238 and 30158.
34
What is the highest common factor of 19 and 38323?
19
What is the greatest common factor of 16975 and 945?
35
Calculate the greatest common factor of 12458189 and 4497.
1499
What is the greatest common factor of 158539 and 113?
113
Calculate the greatest common divisor of 33 and 770187.
33
Calculate the greatest common factor of 2785061 and 358.
179
What is the highest common factor of 68231 and 2911?
71
What is the highest common divisor of 2553 and 433941?
69
Calculate the highest common factor of 8618 and 2666.
62
Calculate the highest common divisor of 764 and 192146.
382
What is the highest common divisor of 154143 and 891?
891
Calculate the greatest common factor of 83 and 5626570.
83
Calculate the highest common factor of 1752531 and 2277.
759
Calculate the highest common factor of 161980 and 140.
140
Calculate the greatest common factor of 846393 and 5269.
479
What is the highest common divisor of 2656 and 11786?
166
Calculate the greatest common divisor of 3507869 and 58.
29
Calculate the highest common factor of 24167 and 88.
11
What is the highest common factor of 8229 and 741?
39
What is the highest common factor of 126996 and 171?
57
Calculate the highest common factor of 537732 and 26.
26
Calculate the highest common factor of 200 and 12080.
40
What is the highest common factor of 9336 and 138?
6
Calculate the highest common divisor of 329737 and 149.
149
What is the greatest common divisor of 7506 and 54?
54
What is the highest common divisor of 120 and 58605?
15
What is the highest common divisor of 40 and 1050380?
20
Calculate the highest common divisor of 140896 and 245.
7
What is the highest common factor of 13965 and 1890?
105
What is the greatest common factor of 1504 and 4371?
47
What is the greatest common factor of 260 and 16835?
65
What is the greatest common factor of 493 and 319?
29
Calculate the greatest common factor of 6 and 1434.
6
Calculate the highest common factor of 1960 and 931.
49
Calculate the greatest common divisor of 12450 and 52650.
150
Calculate the highest common divisor of 1854 and 167066.
206
Calculate the greatest common divisor of 1365 and 148395.
195
What is the greatest common divisor of 177417 and 351?
27
What is the highest common factor of 1500 and 1500?
1500
Calculate the highest common factor of 25893 and 29181.
411
What is the greatest common divisor of 3663 and 4477?
407
What is the highest common factor of 1260 and 174405?
105
Calculate the greatest common factor of 109681 and 295.
59
What is the highest common divisor of 34 and 6517426?
34
What is the highest common factor of 235 and 520?
5
What is the highest common factor of 102 and 5066?
34
What is the greatest common factor of 20602890 and 495?
495
Calculate the greatest common factor of 530 and 15510.
10
Calculate the highest common factor of 488568 and 36.
12
What is the highest common divisor of 78751 and 45185?
1291
What is the greatest common factor of 390 and 1275430?
130
What is the greatest common divisor of 276 and 17916?
12
Calculate the greatest common factor of 13576 and 20.
4
Calculate the greatest common factor of 84252 and 18.
6
Calculate the highest common divisor of 18688 and 40.
8
Calculate the highest common factor of 70311 and 69.
69
What is the highest common factor of 224835 and 195?
195
What is the greatest common factor of 2776 and 6808?
8
What is the highest common factor of 275400 and 425?
425
What is the greatest common divisor of 33405 and 1377?
51
What is the greatest common divisor of 297 and 46926?
297
What is the highest common divisor of 4017 and 206?
103
Calculate the greatest common divisor of 124701 and 9456.
591
Calculate the highest common divisor of 320697 and 54.
9
Calculate the greatest common factor of 33520 and 328.
8
Calculate the greatest common divisor of 4148374 and 68.
34
Calculate the greatest common factor of 28569 and 26001.
321
What is the greatest common divisor of 2762570 and 70?
10
What is the greatest common divisor of 126 and 124054?
14
What is the greatest common factor of 35 and 138055?
5
What is the highest common factor of 3528 and 64344?
168
What is the highest common factor of 344307 and 12?
3
What is the greatest common divisor of 2226 and 12774?
6
Calculate the highest common factor of 1701 and 402885.
63
Calculate the highest common factor of